te number?
False
Suppose j + 13 = 3*r + 168, 0 = j - 5*r - 159. Is j composite?
False
Is (7/4)/(2/88) prime?
False
Let p(i) = -i**2 + 5*i. Let d be p(5). Is (23 - d)*(3 + -2) a composite number?
False
Is (-3740)/(-45) + 1/(-9) a composite number?
False
Let b(w) = -w**2 - 6*w - 2. Let u be b(-5). Suppose -u*g = 2*g - 1205. Suppose 150 + 167 = 4*n + x, -3*n - 4*x = -g. Is n composite?
False
Let m be (-1)/(802/268 + -3). Let j = -81 + m. Is j a prime number?
True
Let c = -69 - -99. Suppose -15 = -3*s, 0 = l + 4*l + 4*s - c. Suppose -l*x - 3*a + a = -14, x + 4*a = 16. Is x prime?
False
Suppose -3*s + 7*s = 12. Suppose 3*j + 3*h = j + 83, 5*h + 77 = s*j. Is j composite?
True
Let m be (2 - (0 - -3))*-31. Suppose -2*q = -19 - m. Is q a prime number?
False
Let l = -11 - -4. Let g = l + 11. Suppose 0 = -q - 7*b + 3*b + 90, -4*b - 280 = -g*q. Is q a composite number?
True
Is 53 - (-2 + 4) - -2 prime?
True
Suppose 4*k - 4*a - 5280 = -2*a, -4*a = 3*k - 3949. Is k a prime number?
True
Let s(p) = -p**2 - 6*p - 4. Let q be s(-4). Suppose 19 + 57 = c. Suppose q*h = -0*h + c. Is h prime?
True
Let s(y) = 24*y**2 - y. Let l(z) = z**3 + 5*z**2 - 7*z - 5. Let x be l(-6). Is s(x) composite?
False
Suppose -b - 2*b + 69 = 0. Suppose -6 - 7 = p. Let q = p + b. Is q a prime number?
False
Let r(p) = -3*p**3 - 3*p**2 + 8*p - 6. Let w(o) = -4*o**3 - 3*o**2 + 9*o - 7. Let d(j) = 5*r(j) - 4*w(j). Is d(3) a prime number?
False
Let n = 5 - 3. Suppose -n*q = -3 - 3. Suppose -5*o = -3*p + 158, -p + 26 = q*o - 8. Is p prime?
False
Suppose 0 = 5*z - 2*t - 17, 5*t + 2 = -3. Suppose 2*c = -p - 98 - 68, -2*c = -z*p + 174. Is ((-1)/2)/(2/c) a prime number?
False
Let l = -368 + 1167. Is l composite?
True
Is (-4 - 0) + 437 - 2 composite?
False
Let o be -5*(-2)/(0 + 2). Let t be ((-40)/(-14))/((-4)/(-14)). Suppose t*n = o*n + 35. Is n prime?
True
Is 14/(-133) + 91263/57 a prime number?
True
Let k = 5 - 2. Suppose -r + k*r = 86. Is r composite?
False
Let h = 16 + 133. Is h composite?
False
Let m(w) = 5*w**2 + 5*w - 2. Suppose 6 = -s + 13. Is m(s) prime?
False
Let w(j) = 17*j**2 - 2*j**2 + 1 + 39*j**2 - 2*j. Let p be w(1). Suppose -p = -d + 2*f, 0 = d + 4*d - 4*f - 253. Is d a composite number?
True
Let z(w) = -w**2 + 1. Let c be z(-1). Is 371 - c*(-2)/(-8) a composite number?
True
Suppose n = -4*t - n, -4*n = 0. Let g(c) = -c - 26 + 63 - 23. Is g(t) prime?
False
Suppose -3*u = -f - 839 - 54, -881 = -3*u + 4*f. Is u composite?
True
Is (-1 + 0)/(9/(-9441)) composite?
False
Let t(k) = 2*k**2 + k - 5. Is t(8) a prime number?
True
Let u be 1*(-1 - 0)/1. Is 97 - (0 + 1) - u a prime number?
True
Suppose l - 334 = -l. Is l prime?
True
Suppose w = -3*i + 133, 265 = 3*w + 5*i - 134. Is w a composite number?
True
Let j(d) be the third derivative of 2*d**4/3 - 5*d**3/6 + 2*d**2. Is j(9) a prime number?
True
Let q(z) = -z**3 + 3*z**2 + 3*z + 2. Let l = -5 - -9. Let n be q(l). Is (-1)/n - (-244)/8 a composite number?
False
Is ((-2)/(-2))/((-2)/(-334)) prime?
True
Let a = 7 - 3. Suppose -s + 48 = 2*s - 3*l, a*s + l = 59. Is s a prime number?
False
Is 5328/42 - 1/(-7) prime?
True
Suppose 0 = 2*x - 15 - 9. Suppose -u - 12 = 4*l, -l + x = 5*u - u. Suppose -98 = -4*n - 2*i, u*n - 3*i - 86 = -i. Is n a prime number?
True
Let m = 1 + 0. Suppose -3*j + 2 = -m. Let n(q) = 14*q. Is n(j) a composite number?
True
Let s(t) = t**2 - 6*t - 4. Let f = 16 - 9. Let q be s(f). Suppose -19 = -4*d + 5*r + 19, 2*d + q*r = 8. Is d a composite number?
False
Suppose 23 - 39 = 2*q. Let m(i) = i - i - 10*i**2 - 2*i**3 - 5*i - 5. Is m(q) a composite number?
False
Is 2/6 - (-4034)/3 a prime number?
False
Let z(f) = -6*f - 5. Let q(i) = -2*i - 2. Let w(v) = 17*q(v) - 6*z(v). Let b be w(3). Is 6*(-3)/(-12)*b a prime number?
True
Let u = 5410 + -2259. Is u a prime number?
False
Let p(w) = -w - 15. Let r be p(-7). Let x = r + 6. Let c(n) = -13*n**3 - n**2 + 3*n + 3. Is c(x) composite?
False
Let g(k) = -120*k**3 - 1. Suppose d = -3*d - 4. Is g(d) composite?
True
Let d(y) = -2*y**3 - 12*y**2 - 9*y - 26. Is d(-9) a composite number?
False
Let o = 87 - 186. Let x(d) = -3*d**2 - d + 2. Let h be x(-2). Is (o/12 - -1)*h a composite number?
True
Let s = 4 + -2. Let m = 45 + s. Suppose -5*f + m = -48. Is f a prime number?
True
Let u(y) = 183*y**2 + y - 1. Is u(2) prime?
True
Suppose 0 = -8*q + 14533 + 3123. Is q composite?
False
Suppose 3*s = 2*j + 1645, 2*s + s - 1625 = -2*j. Is s a composite number?
True
Let v(q) = -2*q**3 - 2*q**2 + 3*q + 1. Let l be v(-3). Let u = 29 - -10. Let p = u - l. Is p a composite number?
False
Let d be 2 + (1 - 2)*0. Suppose -2*m = 3*k + 8, m + d = -2*k - 2. Suppose 3*y = -k*y + 201. Is y prime?
True
Suppose 1583 = 4*z + y - 0*y, -4*y - 20 = 0. Is z prime?
True
Let z(r) = -r**3 - 8*r**2 - r - 8. Let h be z(-8). Suppose 5*u - 354 = -4*o, -2*u + 4*u + o - 144 = h. Is u a prime number?
False
Let b be 6/9 + 40/12. Suppose 3*f = 4*y - 930, 0*y + 2*y = -b*f + 454. Is -21*(y/(-9) - 2) prime?
False
Suppose 0 = -u - w - 5, 2*w - 10 = -5*u + 4*w. Suppose -2*j = j + 5*a - 401, u = -4*j - a + 512. Is j prime?
True
Let i be 1/((-2)/(-12)*2). Suppose i = l - 4*l. Is l/(2 - 3) + 90 a prime number?
False
Suppose 2*z = -137 + 4071. Is z a prime number?
False
Suppose z + 15266 = 3*j - 0*z, -3*j - 3*z = -15270. Is j a prime number?
False
Let h(v) = 3*v**3 - 4*v**2 + 4*v + 5. Suppose -2*q + 4 = -4. Is h(q) a prime number?
True
Suppose -25 = d - 164. Let g be (-1)/3 - d/(-3). Suppose -g + 194 = 4*t. Is t prime?
True
Suppose r + 2 - 8 = 0. Suppose -9*c + 3 = -8*c. Suppose -c*m = 2*d - 103, 5*d - 24 = -m + r. Is m composite?
True
Suppose 0 = -0*s - 3*s. Let d be (2 - 1)/((-3)/(-111)). Let y = s + d. Is y composite?
False
Let j(z) = 20*z + 4. Let x be j(9). Suppose -q = 2*r - x - 303, q + 5*r - 472 = 0. Is q a prime number?
False
Let z = -418 + 1877. Is z a composite number?
False
Suppose d = 743 - 202. Is d a composite number?
False
Is 3/(3 - 1600/535) a prime number?
False
Let i = -114 - -635. Is i composite?
False
Let j(a) = a**3 - 2*a**2 + 1. Let u be j(2). Let d be 20*u*2/4. Suppose 0 = 4*w + 5*x - 1315, 3*x = -5 - d. Is w composite?
True
Suppose -3*w - 96 = 3*w. Let d = 1 + 25. Let a = d + w. Is a a prime number?
False
Let l(k) = -29*k**3 - 3*k**2 - 2*k + 2. Let m be l(-2). Let p = -99 + m. Is p a prime number?
True
Let j be 0 + -2 + 3 - -46. Suppose 5*p + r - 100 = 0, -6*p = -3*p - 2*r - j. Is p a prime number?
True
Let l(y) = 11*y - 5. Let q(f) = -5*f + 2. Suppose -5*p + 20 = -0*p. Let t(n) = p*l(n) + 7*q(n). Is t(7) prime?
False
Suppose -v = 4*q - 848, -4*v = -2*q - 55 + 479. Is (q - 1) + (1 - 1) composite?
False
Let v(q) = 3*q**2 + 9*q + 7. Is v(-8) a prime number?
True
Let j = 287 - 24. Is j a prime number?
True
Let h be 181/3 - (-6)/9. Let f = h - -100. Is f composite?
True
Suppose 2*l + 3*f - 11746 = 0, -f = 4*f. Is l prime?
False
Is ((-1608)/36)/((-2)/3) composite?
False
Suppose -w + 3*c = -106, -c = 3*w - 3*c - 283. Let t = w - 59. Suppose -h + t = -5. Is h a composite number?
False
Let g(a) = -a**2 + a + 4. Let h be g(3). Let w be (9/6 + h)*-6. Suppose -2*d + 95 = w*d. Is d a prime number?
True
Suppose 7*o = 4*o + 1839. Is o a prime number?
True
Let q be 6/(-4)*14/7. Let t be (-1)/(-3) - 5/q. Suppose -t*o + 48 = d + 4*d, 2*o - 46 = -4*d. Is o composite?
False
Let y(j) = 7*j**3 - 2*j**2 - 3*j. Let i be y(3). Suppose -3*w + i = -45. Is w composite?
True
Suppose 0 = -11*p - 16653 + 196316. Is p prime?
True
Let y(j) = -j**3 - 8*j**2 - 8*j - 4. Let b be y(-7). Suppose -i = -7 + b. Suppose 2*c - 89 = -5*k, 63 = 5*k + i*c - 20. Is k a composite number?
False
Suppose z - 3 = 3*a, -2*z = -3*a + 2*z - 3. Is (3/(-6))/(a/178) a prime number?
True
Suppose 0 = -3*h + 4*h - 6. Is ((-9)/h + -1)*-82 a prime number?
False
Suppose 5*a + 5*w = 265, w + 92 = a + 33. Suppose 3*n - a = -l, 0 = -5*n - 0*l + 3*l + 98. Is n prime?
True
Suppose 4*k - 27 = -c, 0*k + 16 = 4*k. Is c a prime number?
True
Let g(a) be the third derivative of -a**4/8 - 2*a**3/3 - a**2. Let p be g(-3). Suppose -28 = -p*h + h. Is h composite?
False
Let x(p) = -p**2 + p - 1. Let f(g) = -10*g**2 - 11*g + 4. Let m(b) = -f(b) - 5*x(b). Is m(-4) prime?
False
Suppose 5*p + t - 3*t - 6983 = 0, -2*p = 2*t - 2796. Is p a prime number?
False
Suppose -n + 12 = -4*n. Let c be (-4